{"id":22,"date":"2022-11-08T09:18:27","date_gmt":"2022-11-08T12:18:27","guid":{"rendered":"https:\/\/colproba.org.ar\/wp\/deportivas2022\/?page_id=22"},"modified":"2022-11-08T09:18:27","modified_gmt":"2022-11-08T12:18:27","slug":"ajedrez","status":"publish","type":"page","link":"https:\/\/colproba.org.ar\/wp\/deportivas2022\/ajedrez\/","title":{"rendered":"Ajedrez"},"content":{"rendered":"\n<p>Modalidad: Se juega por equipo de tres jugadores. Un solo equipo por colegio.<br>D\u00edas :&nbsp;Jueves 1 y Viernes 2 de diciembre<br>Horario:&nbsp;Inscripci\u00f3n JUEVES A LAS 18 horas.<br>Inicio 18.30<br>Lugar de Juego:&nbsp;La casa del Ajedrez &#8211; Calle JUJUY 2433.<br>Importante:&nbsp;Inscripci\u00f3n y sorteo en el lugar.<\/p>\n\n\n\n<p><\/p>\n\n\n\n<ul class=\"wp-block-list\">\n<li>0.\u00a0\u00a0\u00a0\u00a0\u00a0CONFORMACI\u00d3N DE LOS EQUIPOS\n<ul class=\"wp-block-list\">\n<li>0.1.\u00a0\u00a0 EL EQUIPO EST\u00c1 CONFORMADO POR 3 JUGADORES Y 1 SUPLENTE, SE PODR\u00c1 INSCRIBIR O REEMPLAZAR CUALQUIER JUGADOR ANTES DE FINALIZADA LA 3\u00ba FECHA. LOS EQUIPOS FORMARAN POR LISTA FIJA Y LOS SUPLENTES ENTRAN EN EL TABLERO QUE SE AUSENTE EN CUALQUIERA DE LAS FECHAS.<\/li>\n<\/ul>\n<\/li>\n\n\n\n<li>1.\u00a0\u00a0\u00a0\u00a0\u00a0SISTEMA DE PUNTUACI\u00d3N\n<ul class=\"wp-block-list\">\n<li>1.1.\u00a0\u00a0\u00a0SISTEMA OL\u00cdMPICO, MATCH GANADO 2 PUNTOS, EMPATE 1 PUNTO.<\/li>\n<\/ul>\n<\/li>\n\n\n\n<li>2.\u00a0\u00a0\u00a0\u00a0\u00a0FORMA ANUAL DE DISPUTA\n<ul class=\"wp-block-list\">\n<li>2.1.\u00a0\u00a0\u00a0SE DISPUTARA 1 TORNEO.\u00a0CADA COLEGIO PODR\u00c1 PRESENTAR UN EQUIPO.\u00a0<\/li>\n<\/ul>\n<\/li>\n\n\n\n<li>3.\u00a0\u00a0\u00a0\u00a0\u00a0FORMATOS DE LOS TORNEOS\n<ul class=\"wp-block-list\">\n<li>3.1.\u00a0\u00a0\u00a0RITMO: 12 MINUTOS + 3 SEGUNDOS DE INCREMENTO POR JUGADA.<\/li>\n\n\n\n<li>3.2.\u00a0\u00a0\u00a0HASTA 8 PARTICIPANTES SE DISPUTAR\u00c1 UN TORNEO POR SISTEMA AMERICANO A UNA RUEDA.<\/li>\n\n\n\n<li>3.3.\u00a0\u00a0\u00a0M\u00c1S DE 9 PARTICIPANTES, SISTEMA SUIZO A 7 FECHAS.<\/li>\n<\/ul>\n<\/li>\n\n\n\n<li>4.\u00a0\u00a0\u00a0\u00a0\u00a0SISTEMAS DE DESEMPATE\n<ul class=\"wp-block-list\">\n<li>4.1.\u00a0\u00a0\u00a0EN LOS TORNEOS AMERICANOS SE UTILIZA, PARA TODOS LOS PUESTOS:\n<ul class=\"wp-block-list\">\n<li>1\u00ba SUMA DE PUNTOS INDIVIDUALES.<\/li>\n\n\n\n<li>2\u00ba MATCH INDIVIDUAL<\/li>\n\n\n\n<li>3\u00ba SISTEMA\u00a0 SONNEBORN\u00a0BERGER .<\/li>\n\n\n\n<li>4\u00ba MAYOR CANTIDAD DE PARTIDAS GANADAS.<\/li>\n<\/ul>\n<\/li>\n\n\n\n<li>4.2.\u00a0\u00a0\u00a0EN TORNEOS SUIZOS SE UTILIZA, PARA TODO LOS PUESTOS.\n<ul class=\"wp-block-list\">\n<li>1\u00ba SUMA DE PUNTOS INDIVIDUALES.<\/li>\n\n\n\n<li>2\u00ba MATCH INDIVIDUAL.<\/li>\n\n\n\n<li>3\u00ba\u00a0BUCHHOLZ\u00a0TOP (MENOS EL PEOR RESULTADO).<\/li>\n\n\n\n<li>4\u00ba\u00a0SONNEBORN\u00a0BERGER.<\/li>\n\n\n\n<li>5\u00aa MAYOR CANTIDAD DE PARTIDAS GANADAS.<\/li>\n<\/ul>\n<\/li>\n\n\n\n<li>4.3.\u00a0\u00a0\u00a0EN LOS TABLEROS, SUIZOS O AMERICANOS.\n<ul class=\"wp-block-list\">\n<li>1\u00ba SUMA DE PUNTOS.<\/li>\n\n\n\n<li>2\u00ba MATCH INDIVIDUAL.<\/li>\n\n\n\n<li>3\u00ba MEJOR\u00a0PERFOMANCE.<\/li>\n\n\n\n<li>4\u00ba MAYOR CANTIDAD DE PARTIDAS GANADAS.<\/li>\n<\/ul>\n<\/li>\n<\/ul>\n<\/li>\n\n\n\n<li>5.\u00a0\u00a0\u00a0\u00a0\u00a0CRONOGRAMA\n<ul class=\"wp-block-list\">\n<li>5.1.\u00a0\u00a0\u00a0SE JUGARA DURANTE 2 (DOS) D\u00cdAS, AMBOS COMENZANDO LAS RONDAS A PARTIR DE LAS 18 HS.<\/li>\n\n\n\n<li>5.2.\u00a0\u00a0\u00a0LOS EQUIPOS DEBER\u00c1N PRESENTARSE CON MEDIA HORA DE ANTICIPACI\u00d3N PARA LA INSCRIPCI\u00d3N.<\/li>\n\n\n\n<li>5.3.\u00a0\u00a0\u00a0LOS INTERVALOS ENTRE RONDAS QUE SE JUEGAN EL MISMO D\u00cdA, SER\u00c1N DE 10 MINUTOS.<\/li>\n\n\n\n<li>5.4.\u00a0\u00a0\u00a0LOS JUGADORES TENDR\u00c1N UNA TOLERANCIA POR RETRASO IGUAL AL TIEMPO DE REFLEXI\u00d3N SIN INCREMENTO (12 MINUTOS)<\/li>\n<\/ul>\n<\/li>\n\n\n\n<li>6.\u00a0\u00a0\u00a0\u00a0REGULACI\u00d3N DURANTE LAS PARTIDAS\n<ul class=\"wp-block-list\">\n<li>6.1.\u00a0\u00a0\u00a0EL TORNEO SE RIGE BAJO EL ACTUAL REGLAMENTO FIDE DE COMPETICI\u00d3N.<\/li>\n\n\n\n<li>6.2.\u00a0\u00a0\u00a0NO PODR\u00c1N UTILIZAR ARTEFACTOS ELECTR\u00d3NICOS DURANTE LAS PARTIDAS, BAJO PENALIZACI\u00d3N DE PERDER EL ENCUENTRO.<\/li>\n\n\n\n<li>6.3.\u00a0\u00a0\u00a0CADA EQUIPO ASIGNARA UN CAPIT\u00c1N, QUIEN SER\u00c1 EL \u00daNICO INTEGRANTE QUE PODR\u00c1 HABLAR CON SUS PARES DURANTE LAS PARTIDAS, SIEMPRE BAJO CONSULTA Y SUPERVISI\u00d3N DEL \u00c1RBITRO.<\/li>\n<\/ul>\n<\/li>\n<\/ul>\n","protected":false},"excerpt":{"rendered":"<p>Modalidad: Se juega por equipo de tres jugadores. Un solo equipo por colegio.D\u00edas :&nbsp;Jueves 1 y Viernes 2 de diciembreHorario:&nbsp;Inscripci\u00f3n JUEVES A LAS 18 horas.Inicio 18.30Lugar de Juego:&nbsp;La casa del Ajedrez &#8211; Calle JUJUY 2433.Importante:&nbsp;Inscripci\u00f3n y sorteo en el lugar.<\/p>\n","protected":false},"author":1,"featured_media":0,"parent":0,"menu_order":0,"comment_status":"closed","ping_status":"closed","template":"","meta":{"_bbp_topic_count":0,"_bbp_reply_count":0,"_bbp_total_topic_count":0,"_bbp_total_reply_count":0,"_bbp_voice_count":0,"_bbp_anonymous_reply_count":0,"_bbp_topic_count_hidden":0,"_bbp_reply_count_hidden":0,"_bbp_forum_subforum_count":0,"footnotes":""},"class_list":["post-22","page","type-page","status-publish","hentry"],"_links":{"self":[{"href":"https:\/\/colproba.org.ar\/wp\/deportivas2022\/wp-json\/wp\/v2\/pages\/22","targetHints":{"allow":["GET"]}}],"collection":[{"href":"https:\/\/colproba.org.ar\/wp\/deportivas2022\/wp-json\/wp\/v2\/pages"}],"about":[{"href":"https:\/\/colproba.org.ar\/wp\/deportivas2022\/wp-json\/wp\/v2\/types\/page"}],"author":[{"embeddable":true,"href":"https:\/\/colproba.org.ar\/wp\/deportivas2022\/wp-json\/wp\/v2\/users\/1"}],"replies":[{"embeddable":true,"href":"https:\/\/colproba.org.ar\/wp\/deportivas2022\/wp-json\/wp\/v2\/comments?post=22"}],"version-history":[{"count":1,"href":"https:\/\/colproba.org.ar\/wp\/deportivas2022\/wp-json\/wp\/v2\/pages\/22\/revisions"}],"predecessor-version":[{"id":23,"href":"https:\/\/colproba.org.ar\/wp\/deportivas2022\/wp-json\/wp\/v2\/pages\/22\/revisions\/23"}],"wp:attachment":[{"href":"https:\/\/colproba.org.ar\/wp\/deportivas2022\/wp-json\/wp\/v2\/media?parent=22"}],"curies":[{"name":"wp","href":"https:\/\/api.w.org\/{rel}","templated":true}]}}