{"id":195,"date":"2017-10-25T12:31:02","date_gmt":"2017-10-25T12:31:02","guid":{"rendered":"http:\/\/colproba.org.ar\/wp\/deportivas2017\/?page_id=195"},"modified":"2017-10-25T12:41:05","modified_gmt":"2017-10-25T12:41:05","slug":"hockey-2","status":"publish","type":"page","link":"https:\/\/colproba.org.ar\/wp\/deportivas2017\/hockey-2\/","title":{"rendered":"Hockey"},"content":{"rendered":"<p>IMPORTANTE: LAS JUGADORAS DEBER\u00c1N ACREDITAR IDENTIDAD PARA PODER JUGAR.<\/p>\n<p>SEDE: Club Banco Provincia.<\/p>\n<ul>\n<li>Todos los partidos se juegan en dos tiempos de 20 minutos con 5 de descanso.<\/li>\n<li>Cambios ilimitados ENTRE 12 JUGADORAS HABILITADAS POR PARTIDO.<\/li>\n<li>CADA EQUIPO DEBER\u00c1 PROVEERSE DE SU EQUIPO DE ARQUERA<\/li>\n<li>SE DEBE REGISTRAR LOS EQUIPOS QUE NO SE PRESENTAN A JUGAR PARA SU SANCI\u00d3N EN LA EDICI\u00d3N DEL A\u00d1O PR\u00d3XIMO<\/li>\n<\/ul>\n<p>HOCKEY EMPATE EN EL 1\u00ba PUESTO EN LA ZONA DE CLASIFICACI\u00d3N:<\/p>\n<ul>\n<li>Entre dos equipos: 1\u00ba resultado partidos entre ambos. 2\u00ba Diferencia de Goles .3\u00ba Goles a favor 4\u00ba Sorteo<\/li>\n<li>Entre m\u00e1s de dos equipos: 1\u00ba Diferencia de goles. 2\u00ba Goles a favor. 3\u00ba Resultados del partido de zona 4\u00ba Sorteo<\/li>\n<li>Sistema de puntuaci\u00f3n 3 1 0 y -1 ( no presentaci\u00f3n)<\/li>\n<\/ul>\n","protected":false},"excerpt":{"rendered":"<p>IMPORTANTE: LAS JUGADORAS DEBER\u00c1N ACREDITAR IDENTIDAD PARA PODER JUGAR. SEDE: Club Banco Provincia. Todos los partidos se juegan en dos tiempos de 20 minutos con 5 de descanso. Cambios ilimitados ENTRE 12 JUGADORAS HABILITADAS POR PARTIDO. CADA EQUIPO DEBER\u00c1 PROVEERSE DE SU EQUIPO DE ARQUERA SE DEBE REGISTRAR LOS EQUIPOS QUE NO SE PRESENTAN A &hellip; <a href=\"https:\/\/colproba.org.ar\/wp\/deportivas2017\/hockey-2\/\" class=\"more-link\">Seguir leyendo <span class=\"screen-reader-text\">Hockey<\/span> <span class=\"meta-nav\">&rarr;<\/span><\/a><\/p>\n","protected":false},"author":1,"featured_media":0,"parent":0,"menu_order":0,"comment_status":"closed","ping_status":"closed","template":"17-Hockey.php","meta":{"_bbp_topic_count":0,"_bbp_reply_count":0,"_bbp_total_topic_count":0,"_bbp_total_reply_count":0,"_bbp_voice_count":0,"_bbp_anonymous_reply_count":0,"_bbp_topic_count_hidden":0,"_bbp_reply_count_hidden":0,"_bbp_forum_subforum_count":0,"footnotes":""},"class_list":["post-195","page","type-page","status-publish","hentry"],"_links":{"self":[{"href":"https:\/\/colproba.org.ar\/wp\/deportivas2017\/wp-json\/wp\/v2\/pages\/195","targetHints":{"allow":["GET"]}}],"collection":[{"href":"https:\/\/colproba.org.ar\/wp\/deportivas2017\/wp-json\/wp\/v2\/pages"}],"about":[{"href":"https:\/\/colproba.org.ar\/wp\/deportivas2017\/wp-json\/wp\/v2\/types\/page"}],"author":[{"embeddable":true,"href":"https:\/\/colproba.org.ar\/wp\/deportivas2017\/wp-json\/wp\/v2\/users\/1"}],"replies":[{"embeddable":true,"href":"https:\/\/colproba.org.ar\/wp\/deportivas2017\/wp-json\/wp\/v2\/comments?post=195"}],"version-history":[{"count":3,"href":"https:\/\/colproba.org.ar\/wp\/deportivas2017\/wp-json\/wp\/v2\/pages\/195\/revisions"}],"predecessor-version":[{"id":198,"href":"https:\/\/colproba.org.ar\/wp\/deportivas2017\/wp-json\/wp\/v2\/pages\/195\/revisions\/198"}],"wp:attachment":[{"href":"https:\/\/colproba.org.ar\/wp\/deportivas2017\/wp-json\/wp\/v2\/media?parent=195"}],"curies":[{"name":"wp","href":"https:\/\/api.w.org\/{rel}","templated":true}]}}