{"id":13199,"date":"2018-03-14T18:03:51","date_gmt":"2018-03-14T21:03:51","guid":{"rendered":"http:\/\/colproba.org.ar\/j\/?page_id=13199"},"modified":"2021-02-19T11:33:17","modified_gmt":"2021-02-19T14:33:17","slug":"boletin-oficial-edicion-online","status":"publish","type":"page","link":"https:\/\/colproba.org.ar\/l\/boletin-oficial-edicion-online\/","title":{"rendered":"Publicaci\u00f3n de edictos &#8211; Bolet\u00edn Oficial"},"content":{"rendered":"<div class=\"fusion-fullwidth fullwidth-box fusion-builder-row-1 fusion-flex-container nonhundred-percent-fullwidth non-hundred-percent-height-scrolling\" style=\"--awb-border-radius-top-left:0px;--awb-border-radius-top-right:0px;--awb-border-radius-bottom-right:0px;--awb-border-radius-bottom-left:0px;--awb-flex-wrap:wrap;\" ><div class=\"fusion-builder-row fusion-row fusion-flex-align-items-flex-start fusion-flex-content-wrap\" style=\"max-width:calc( 1200 + 0px );margin-left: calc(-0px \/ 2 );margin-right: calc(-0px \/ 2 );\"><div class=\"fusion-layout-column fusion_builder_column fusion-builder-column-0 fusion_builder_column_1_1 1_1 fusion-flex-column\" style=\"--awb-bg-size:cover;--awb-width-large:100%;--awb-margin-top-large:0px;--awb-spacing-right-large:0px;--awb-margin-bottom-large:20px;--awb-spacing-left-large:0px;--awb-width-medium:100%;--awb-spacing-right-medium:0px;--awb-spacing-left-medium:0px;--awb-width-small:100%;--awb-spacing-right-small:0px;--awb-spacing-left-small:0px;\"><div class=\"fusion-column-wrapper fusion-flex-justify-content-flex-start fusion-content-layout-column\"><div class=\"fusion-text fusion-text-1\"><h3>Bolet\u00edn Oficial \u2013 Edici\u00f3n Online<\/h3>\n<\/div><div class=\"fusion-text fusion-text-2\"><p>La versi\u00f3n digital del Bolet\u00edn Oficial reviste car\u00e1cter oficial y aut\u00e9ntica. A trav\u00e9s de la misma se pueden consultar y descargar edictos con el objeto de ser remitidos a los organismos jurisdiccionales en formato papel o a trav\u00e9s del portal SNPE.<\/p>\n<div class=\"fusion-button-wrapper\"><a class=\"fusion-button button-flat fusion-button-default-size button-default fusion-button-default button-1 fusion-button-default-span fusion-button-default-type\" target=\"_blank\" rel=\"noopener noreferrer\" href=\"https:\/\/boletinoficial.gba.gob.ar\/\"><span class=\"fusion-button-text\">acceso al sistema<\/span><\/a><\/div>\n<\/div><div class=\"fusion-separator fusion-full-width-sep\" style=\"align-self: center;margin-left: auto;margin-right: auto;margin-top:15px;margin-bottom:100px;width:100%;\"><\/div><div class=\"fusion-text fusion-text-3\"><h3>Ahora se puede tramitar integramente de manera electr\u00f3nica la publicaci\u00f3n de edictos<\/h3>\n<\/div><div class=\"fusion-text fusion-text-4\"><p><em>Los juzgados ya tienen disponible la posibilidad de realizar comunicaciones electr\u00f3nicas con el Bolet\u00edn Oficial para la publicaci\u00f3n de Edictos<\/em>.<\/p>\n<p>Tanto desde el Juzgado al BO, como la respuesta directa de \u00e9ste al juzgado se har\u00e1 electr\u00f3nicamente, previa acreditaci\u00f3n del pago de la tasa correspondiente por parte del abogado, quien deber\u00e1 remitirlo como adjunto, a trav\u00e9s del Sistema de presentaciones electr\u00f3nicas.<\/p>\n<p>Un paso definitivo para completar la tramitaci\u00f3n de sucesiones de forma electr\u00f3nica, que facilita el ejercicio profesional desde la comodidad de \u201c su estudio\u201d.<\/p>\n<h2 style=\"text-align: center;\">Instructivo<\/h2>\n<a href=\"https:\/\/colproba.org.ar\/j\/wp-content\/uploads\/2018\/07\/Instructivo-Boletin-Oficial-Abogados-1.pdf\" class=\"pdfemb-viewer\" style=\"\" data-width=\"max\" data-height=\"max\" data-toolbar=\"bottom\" data-toolbar-fixed=\"off\">Instructivo Boletin Oficial \u2013 Abogados-1<\/a>\n<\/div><\/div><\/div><\/div><\/div>\n","protected":false},"excerpt":{"rendered":"","protected":false},"author":2,"featured_media":0,"parent":0,"menu_order":0,"comment_status":"closed","ping_status":"closed","template":"","meta":{"_exactmetrics_skip_tracking":false,"_exactmetrics_sitenote_active":false,"_exactmetrics_sitenote_note":"","_exactmetrics_sitenote_category":0,"footnotes":""},"class_list":["post-13199","page","type-page","status-publish","hentry"],"_links":{"self":[{"href":"https:\/\/colproba.org.ar\/l\/wp-json\/wp\/v2\/pages\/13199","targetHints":{"allow":["GET"]}}],"collection":[{"href":"https:\/\/colproba.org.ar\/l\/wp-json\/wp\/v2\/pages"}],"about":[{"href":"https:\/\/colproba.org.ar\/l\/wp-json\/wp\/v2\/types\/page"}],"author":[{"embeddable":true,"href":"https:\/\/colproba.org.ar\/l\/wp-json\/wp\/v2\/users\/2"}],"replies":[{"embeddable":true,"href":"https:\/\/colproba.org.ar\/l\/wp-json\/wp\/v2\/comments?post=13199"}],"version-history":[{"count":8,"href":"https:\/\/colproba.org.ar\/l\/wp-json\/wp\/v2\/pages\/13199\/revisions"}],"predecessor-version":[{"id":16674,"href":"https:\/\/colproba.org.ar\/l\/wp-json\/wp\/v2\/pages\/13199\/revisions\/16674"}],"wp:attachment":[{"href":"https:\/\/colproba.org.ar\/l\/wp-json\/wp\/v2\/media?parent=13199"}],"curies":[{"name":"wp","href":"https:\/\/api.w.org\/{rel}","templated":true}]}}