{"id":13192,"date":"2018-03-14T17:56:28","date_gmt":"2018-03-14T20:56:28","guid":{"rendered":"http:\/\/colproba.org.ar\/j\/?page_id=13192"},"modified":"2023-12-28T13:53:07","modified_gmt":"2023-12-28T16:53:07","slug":"catastro-servicios-online","status":"publish","type":"page","link":"https:\/\/colproba.org.ar\/l\/catastro-servicios-online\/","title":{"rendered":"Catastro \u2013 Servicios Online"},"content":{"rendered":"<div class=\"fusion-fullwidth fullwidth-box fusion-builder-row-1 fusion-flex-container nonhundred-percent-fullwidth non-hundred-percent-height-scrolling\" style=\"--awb-border-radius-top-left:0px;--awb-border-radius-top-right:0px;--awb-border-radius-bottom-right:0px;--awb-border-radius-bottom-left:0px;--awb-flex-wrap:wrap;\" ><div class=\"fusion-builder-row fusion-row fusion-flex-align-items-flex-start fusion-flex-content-wrap\" style=\"max-width:1248;margin-left: calc(-4% \/ 2 );margin-right: calc(-4% \/ 2 );\"><div class=\"fusion-layout-column fusion_builder_column fusion-builder-column-0 fusion_builder_column_1_1 1_1 fusion-flex-column\" style=\"--awb-bg-size:cover;--awb-width-large:100%;--awb-margin-top-large:0px;--awb-spacing-right-large:1.92%;--awb-margin-bottom-large:20px;--awb-spacing-left-large:1.92%;--awb-width-medium:100%;--awb-spacing-right-medium:1.92%;--awb-spacing-left-medium:1.92%;--awb-width-small:100%;--awb-spacing-right-small:1.92%;--awb-spacing-left-small:1.92%;\"><div class=\"fusion-column-wrapper fusion-flex-justify-content-flex-start fusion-content-layout-column\"><div class=\"fusion-text fusion-text-1\"><h3>Catastro \u2013 Servicios Online<\/h3>\n<\/div><div class=\"fusion-text fusion-text-2\"><p>Gracias a intensas gestiones se logr\u00f3 que los abogados pudieran acceder mediante la CIT (Clave de Identificaci\u00f3n Tributaria que el abogado debe requerir en ARBA o ante su propio Contador) a diversos informes (incluido el Certificado Catastral) de Catastro Provincial, sistema que ya est\u00e1 implementado y con acceso irrestricto, directamente a trav\u00e9s de la p\u00e1gina web de ARBA.<\/p>\n<div class=\"fusion-button-wrapper\"><a class=\"fusion-button button-flat fusion-button-default-size button-default fusion-button-default button-1 fusion-button-default-span fusion-button-default-type\" target=\"_blank\" rel=\"noopener noreferrer\" href=\"http:\/\/www.arba.gov.ar\/Aplicaciones\/RedirectCatastro.asp?opc=DSISIC\"><span class=\"fusion-button-text\">ingreso al sistema<\/span><\/a><\/div>\n<h6>\u00a0<em>Aclaraci\u00f3n: los documentos recepcionados por esta modalidad son plenamente v\u00e1lidos y eficaces para ser presentados -v\u00eda papel o en formato electr\u00f3nica por el portal web de la SCBA &#8211; ante los organismos jurisdiccionales de la Provincia de Buenos Aires.<\/em><\/h6>\n<\/div><\/div><\/div><\/div><\/div>\n","protected":false},"excerpt":{"rendered":"","protected":false},"author":2,"featured_media":0,"parent":0,"menu_order":0,"comment_status":"closed","ping_status":"closed","template":"","meta":{"_exactmetrics_skip_tracking":false,"_exactmetrics_sitenote_active":false,"_exactmetrics_sitenote_note":"","_exactmetrics_sitenote_category":0,"footnotes":""},"class_list":["post-13192","page","type-page","status-publish","hentry"],"_links":{"self":[{"href":"https:\/\/colproba.org.ar\/l\/wp-json\/wp\/v2\/pages\/13192","targetHints":{"allow":["GET"]}}],"collection":[{"href":"https:\/\/colproba.org.ar\/l\/wp-json\/wp\/v2\/pages"}],"about":[{"href":"https:\/\/colproba.org.ar\/l\/wp-json\/wp\/v2\/types\/page"}],"author":[{"embeddable":true,"href":"https:\/\/colproba.org.ar\/l\/wp-json\/wp\/v2\/users\/2"}],"replies":[{"embeddable":true,"href":"https:\/\/colproba.org.ar\/l\/wp-json\/wp\/v2\/comments?post=13192"}],"version-history":[{"count":4,"href":"https:\/\/colproba.org.ar\/l\/wp-json\/wp\/v2\/pages\/13192\/revisions"}],"predecessor-version":[{"id":18507,"href":"https:\/\/colproba.org.ar\/l\/wp-json\/wp\/v2\/pages\/13192\/revisions\/18507"}],"wp:attachment":[{"href":"https:\/\/colproba.org.ar\/l\/wp-json\/wp\/v2\/media?parent=13192"}],"curies":[{"name":"wp","href":"https:\/\/api.w.org\/{rel}","templated":true}]}}