{"id":12287,"date":"2017-06-23T10:05:25","date_gmt":"2017-06-23T13:05:25","guid":{"rendered":"http:\/\/colproba.org.ar\/j\/?page_id=12287"},"modified":"2025-05-14T11:33:03","modified_gmt":"2025-05-14T14:33:03","slug":"comisiones","status":"publish","type":"page","link":"https:\/\/colproba.org.ar\/l\/comisiones\/","title":{"rendered":"Comisiones"},"content":{"rendered":"<div class=\"fusion-fullwidth fullwidth-box fusion-builder-row-1 fusion-flex-container nonhundred-percent-fullwidth non-hundred-percent-height-scrolling\" style=\"--awb-border-radius-top-left:0px;--awb-border-radius-top-right:0px;--awb-border-radius-bottom-right:0px;--awb-border-radius-bottom-left:0px;--awb-flex-wrap:wrap;\" ><div class=\"fusion-builder-row fusion-row fusion-flex-align-items-flex-start fusion-flex-content-wrap\" style=\"max-width:1248;margin-left: calc(-4% \/ 2 );margin-right: calc(-4% \/ 2 );\"><div class=\"fusion-layout-column fusion_builder_column fusion-builder-column-0 fusion_builder_column_1_1 1_1 fusion-flex-column\" style=\"--awb-padding-right:50px;--awb-bg-size:cover;--awb-width-large:100%;--awb-margin-top-large:0px;--awb-spacing-right-large:1.92%;--awb-margin-bottom-large:20px;--awb-spacing-left-large:1.92%;--awb-width-medium:100%;--awb-spacing-right-medium:1.92%;--awb-spacing-left-medium:1.92%;--awb-width-small:100%;--awb-spacing-right-small:1.92%;--awb-spacing-left-small:1.92%;\"><div class=\"fusion-column-wrapper fusion-column-has-shadow fusion-flex-justify-content-flex-start fusion-content-layout-column\"><div class=\"fusion-text fusion-text-1\"><h2>COMISIONES DEL COLEGIO DE ABOGADOS DE LA PROVINCIA DE BUENOS AIRES<\/h2>\n<div class=\"fusion-separator fusion-full-width-sep\" style=\"align-self: center;margin-left: auto;margin-right: auto;margin-top:18px;margin-bottom:18PX;width:100%;\"><\/div>\n<p><strong>ABOGADA\/O DEL NI\u00d1O, NI\u00d1A Y ADOLESCENTES:<\/strong> Rosario Marcela SANCHEZ (La Plata).<\/p>\n<p><strong>ADMINISTRACI\u00d3N DE JUSTICIA:<\/strong> Eduardo Gabriel SREIDER (Moreno-Gral. Rodr\u00edguez) y Santiago Andr\u00e9s BERTAMONI (Jun\u00edn).<\/p>\n<p><strong>ARBITRAJE:<\/strong> Leandro Augusto GABAS (Mar del Plata).<\/p>\n<p><strong>CONSULTORIOS JUR\u00cdDICO GRATUITO:<\/strong> Rafael GENTILI (Bah\u00eda Blanca).<\/p>\n<p><strong>DERECHO AMBIENTAL Y AGRARIO:<\/strong> Dami\u00e1n Alcides PIMPINATTI (Pergamino).<\/p>\n<p><strong>DERECHO DE CONSUMO: <\/strong>Marcos Dar\u00edo VILAPLANA (San Mart\u00edn).<\/p>\n<p><strong>DERECHO DE FAMILIA:<\/strong> Mar\u00eda Victoria LORENCES (Lomas de Zamora).<\/p>\n<p><strong>DERECHO DE SALUD:<\/strong> Mar\u00eda Victoria LORENCES (Lomas de Zamora).<\/p>\n<p><strong>DERECHO LABORAL:<\/strong> Eduardo Gabriel SREIDER (Moreno-Gral. Rodr\u00edguez) y V\u00edctor Emilio PAGANI DELUCHI (Necochea).<\/p>\n<p><strong>DERECHO PENAL Y ASUNTOS PENITENCIARIOS:<\/strong> Bienvenido RODRIGUEZ BASALO (Quilmes) y Mar\u00eda Fernanda GIMENEZ (Azul).<\/p>\n<p><strong>DERECHO PREVISIONAL Y SEGURIDAD SOCIAL:<\/strong> Jorge Omar FREGA (Mor\u00f3n).<\/p>\n<p><strong>DISCAPACIDAD:<\/strong> Marcelo Rodolfo FIORANELLI (Z\u00e1rate-Campana).<\/p>\n<p><strong>GENERO Y DIVERSIDAD:<\/strong> Adriana Cecilia COLIQUEO (Avellaneda-Lan\u00fas).<\/p>\n<p><strong>INCUMBENCIAS PROFESIONALES:<\/strong> Juan Pablo CREMONTE (Dolores), Hern\u00e1n Alberto SALAVERRI (Mercedes) y Ricardo Eduardo PASO (Trenque Lauquen).<\/p>\n<p><strong>INFORM\u00c1TICA:<\/strong> Mar\u00eda Fernanda GIMENEZ (Azul) y Alejo Luis MAIZTEGUI (San Nicol\u00e1s).<\/p>\n<p><strong>MEDIACI\u00d3N Y RESOLUCI\u00d3N DE CONFLICTOS:<\/strong> Mar\u00eda Victoria LORENCES (Lomas de Zamora) y Mart\u00edn RIVAS (La Matanza).<\/p>\n<p><strong>MERCOSUR:<\/strong> Marcos Dar\u00edo VILAPLANA (San Mart\u00edn).<\/p>\n<p><strong>COMISI\u00d3N DE DEPORTES:<\/strong> Coordinadora Guillermina SORIA (San Isidro).<\/p>\n<p><strong>COMISI\u00d3N DE LA ABOGAC\u00cdA JOVEN:<\/strong> Presidenta Dra.Lucila Mar\u00eda Larsen (Azul).<\/p>\n<\/div><\/div><\/div><\/div><\/div>\n","protected":false},"excerpt":{"rendered":"","protected":false},"author":2,"featured_media":0,"parent":0,"menu_order":0,"comment_status":"closed","ping_status":"closed","template":"","meta":{"_exactmetrics_skip_tracking":false,"_exactmetrics_sitenote_active":false,"_exactmetrics_sitenote_note":"","_exactmetrics_sitenote_category":0,"footnotes":""},"class_list":["post-12287","page","type-page","status-publish","hentry"],"_links":{"self":[{"href":"https:\/\/colproba.org.ar\/l\/wp-json\/wp\/v2\/pages\/12287","targetHints":{"allow":["GET"]}}],"collection":[{"href":"https:\/\/colproba.org.ar\/l\/wp-json\/wp\/v2\/pages"}],"about":[{"href":"https:\/\/colproba.org.ar\/l\/wp-json\/wp\/v2\/types\/page"}],"author":[{"embeddable":true,"href":"https:\/\/colproba.org.ar\/l\/wp-json\/wp\/v2\/users\/2"}],"replies":[{"embeddable":true,"href":"https:\/\/colproba.org.ar\/l\/wp-json\/wp\/v2\/comments?post=12287"}],"version-history":[{"count":28,"href":"https:\/\/colproba.org.ar\/l\/wp-json\/wp\/v2\/pages\/12287\/revisions"}],"predecessor-version":[{"id":19914,"href":"https:\/\/colproba.org.ar\/l\/wp-json\/wp\/v2\/pages\/12287\/revisions\/19914"}],"wp:attachment":[{"href":"https:\/\/colproba.org.ar\/l\/wp-json\/wp\/v2\/media?parent=12287"}],"curies":[{"name":"wp","href":"https:\/\/api.w.org\/{rel}","templated":true}]}}